{"id":2821,"date":"2014-12-29T21:33:57","date_gmt":"2014-12-29T19:33:57","guid":{"rendered":"http:\/\/lauftria-hsvmelk.at\/?page_id=2821"},"modified":"2020-03-11T13:35:42","modified_gmt":"2020-03-11T11:35:42","slug":"ergebnisse-crosscuplaeufe","status":"publish","type":"page","link":"https:\/\/www.lauftria-hsvmelk.at\/?page_id=2821","title":{"rendered":"Ergebnisse Crossl\u00e4ufe"},"content":{"rendered":"<table style=\"height: 462px; width: 461px;\">\n<tbody>\n<tr style=\"height: 21px;\">\n<th style=\"text-align: center; height: 21px; width: 48px;\">Jahr<\/th>\n<th style=\"text-align: center; height: 21px; width: 88px;\">Lauf 1<\/th>\n<th style=\"text-align: center; height: 21px; width: 85px;\">Lauf 2<\/th>\n<th style=\"text-align: center; height: 21px; width: 89px;\">Lauf 3<\/th>\n<th style=\"text-align: center; height: 21px; width: 76px;\">Lauf 4<\/th>\n<th style=\"text-align: center; height: 21px; width: 75px;\">Gesamt<\/th>\n<\/tr>\n<tr>\n<th style=\"text-align: center; width: 48px;\">2020<\/th>\n<td style=\"text-align: center; height: 21px; width: 88px;\"><a href=\"https:\/\/www.lauftria-hsvmelk.at\/wp-content\/uploads\/2020\/03\/CC20Krems.pdf\" target=\"_blank\" rel=\"noopener noreferrer\">Krems<\/a><\/td>\n<td style=\"text-align: center; height: 21px; width: 85px;\"><a href=\"https:\/\/www.lauftria-hsvmelk.at\/wp-content\/uploads\/2020\/03\/CC20Amstetten.pdf\" target=\"_blank\" rel=\"noopener noreferrer\">Amstetten<\/a><\/td>\n<td style=\"text-align: center; height: 21px; width: 89px;\"><a href=\"https:\/\/www.lauftria-hsvmelk.at\/wp-content\/uploads\/2020\/03\/CC20StPoelten.pdf\" target=\"_blank\" rel=\"noopener noreferrer\">St. P\u00f6lten<\/a><\/td>\n<td style=\"text-align: center; height: 21px; width: 76px;\"><a href=\"https:\/\/www.lauftria-hsvmelk.at\/wp-content\/uploads\/2020\/03\/CC20Melk.pdf\" target=\"_blank\" rel=\"noopener noreferrer\">Melk<\/a><\/td>\n<td style=\"text-align: center; height: 21px; width: 75px;\"><a href=\"https:\/\/www.crosscup.at\/ergebnisse\/ergebnisse-2020\/\" target=\"_blank\" rel=\"noopener noreferrer\">Gesamt<\/a><\/td>\n<\/tr>\n<tr style=\"height: 21px;\">\n<th style=\"text-align: center; height: 21px; width: 48px;\">2019<\/th>\n<td style=\"text-align: center; height: 21px; width: 88px;\"><a href=\"https:\/\/www.lauftria-hsvmelk.at\/wp-content\/uploads\/2019\/02\/Crosslaufcup2019_Krems.pdf\" target=\"_blank\" rel=\"noopener noreferrer\">Krems<\/a><\/td>\n<td style=\"text-align: center; height: 21px; width: 85px;\"><a href=\"https:\/\/www.lauftria-hsvmelk.at\/wp-content\/uploads\/2019\/02\/Crosslaufcup2019_Amstetten.pdf\" target=\"_blank\" rel=\"noopener noreferrer\">Amstetten<\/a><\/td>\n<td style=\"text-align: center; height: 21px; width: 89px;\"><a href=\"https:\/\/www.lauftria-hsvmelk.at\/wp-content\/uploads\/2019\/02\/Crosslaufcup2019_St.P\u00f6lten.pdf\" target=\"_blank\" rel=\"noopener noreferrer\">St. P\u00f6lten<\/a><\/td>\n<td style=\"text-align: center; height: 21px; width: 76px;\"><a href=\"https:\/\/www.lauftria-hsvmelk.at\/wp-content\/uploads\/2019\/03\/Crosslaufcup2019_Melk.pdf\" target=\"_blank\" rel=\"noopener noreferrer\">Melk<\/a><\/td>\n<td style=\"text-align: center; height: 21px; width: 75px;\"><a href=\"https:\/\/www.lauftria-hsvmelk.at\/wp-content\/uploads\/2019\/03\/Crosslaufcup2019_Gesamt.pdf\" target=\"_blank\" rel=\"noopener noreferrer\">Gesamt<\/a><\/td>\n<\/tr>\n<tr style=\"height: 21px;\">\n<th style=\"text-align: center; height: 21px; width: 48px;\">2018<\/th>\n<td style=\"text-align: center; height: 21px; width: 88px;\"><a href=\"https:\/\/www.lauftria-hsvmelk.at\/wp-content\/uploads\/2019\/02\/Crosslaufcup2018_Krems.pdf\" target=\"_blank\" rel=\"noopener noreferrer\">Krems<\/a><\/td>\n<td style=\"text-align: center; height: 21px; width: 85px;\"><a href=\"https:\/\/www.lauftria-hsvmelk.at\/wp-content\/uploads\/2019\/02\/Crosslaufcup2018_St.P\u00f6lten.pdf\" target=\"_blank\" rel=\"noopener noreferrer\">St.P\u00f6lten<\/a><\/td>\n<td style=\"text-align: center; height: 21px; width: 89px;\"><a href=\"https:\/\/www.lauftria-hsvmelk.at\/wp-content\/uploads\/2019\/02\/Crosslaufcup2018_Amstetten.pdf\" target=\"_blank\" rel=\"noopener noreferrer\">Amstetten<\/a><\/td>\n<td style=\"text-align: center; height: 21px; width: 76px;\"><a href=\"https:\/\/www.lauftria-hsvmelk.at\/wp-content\/uploads\/2019\/02\/Crosslaufcup2018_Melk.pdf\" target=\"_blank\" rel=\"noopener noreferrer\">Melk<\/a><\/td>\n<td style=\"text-align: center; height: 21px; width: 75px;\"><a href=\"https:\/\/www.lauftria-hsvmelk.at\/wp-content\/uploads\/2019\/02\/Crosslaufcup2018_Gesamt.pdf\" target=\"_blank\" rel=\"noopener noreferrer\">Gesamt<\/a><\/td>\n<\/tr>\n<tr style=\"height: 21px;\">\n<th style=\"text-align: center; height: 21px; width: 48px;\">2017<\/th>\n<td style=\"text-align: center; height: 21px; width: 88px;\"><a href=\"https:\/\/www.lauftria-hsvmelk.at\/wp-content\/uploads\/2017\/01\/CC17Krems.pdf\" target=\"_blank\" rel=\"noopener noreferrer\">Krems<\/a><\/td>\n<td style=\"text-align: center; height: 21px; width: 85px;\"><a href=\"https:\/\/www.lauftria-hsvmelk.at\/wp-content\/uploads\/2017\/02\/CC17Amstetten.pdf\" target=\"_blank\" rel=\"noopener noreferrer\">Amstetten<\/a><\/td>\n<td style=\"text-align: center; height: 21px; width: 89px;\"><a href=\"https:\/\/www.lauftria-hsvmelk.at\/wp-content\/uploads\/2017\/02\/CC17StPoelten.pdf\" target=\"_blank\" rel=\"noopener noreferrer\">St. P\u00f6lten<\/a><\/td>\n<td style=\"text-align: center; height: 21px; width: 76px;\"><a href=\"https:\/\/www.lauftria-hsvmelk.at\/wp-content\/uploads\/2017\/03\/CC17Melk.pdf\" target=\"_blank\" rel=\"noopener noreferrer\">Melk\u00a0<\/a><\/td>\n<td style=\"text-align: center; height: 21px; width: 75px;\"><a href=\"https:\/\/www.lauftria-hsvmelk.at\/wp-content\/uploads\/2017\/03\/CC17Gesamt.pdf\" target=\"_blank\" rel=\"noopener noreferrer\">Gesamt<\/a><\/td>\n<\/tr>\n<tr style=\"height: 21px;\">\n<th style=\"text-align: center; height: 21px; width: 48px;\">2016<\/th>\n<td style=\"text-align: center; height: 21px; width: 88px;\"><a href=\"https:\/\/www.lauftria-hsvmelk.at\/wp-content\/uploads\/2016\/01\/CC16Amstetten.pdf\" target=\"_blank\" rel=\"noopener noreferrer\">Amstetten<\/a><\/td>\n<td style=\"text-align: center; height: 21px; width: 85px;\"><a href=\"https:\/\/www.lauftria-hsvmelk.at\/wp-content\/uploads\/2016\/01\/CC16Krems.pdf\" target=\"_blank\" rel=\"noopener noreferrer\">Krems<\/a><\/td>\n<td style=\"text-align: center; height: 21px; width: 89px;\"><a href=\"https:\/\/www.lauftria-hsvmelk.at\/wp-content\/uploads\/2016\/02\/CC16StPoelten.pdf\" target=\"_blank\" rel=\"noopener noreferrer\">St. P\u00f6lten<\/a><\/td>\n<td style=\"text-align: center; height: 21px; width: 76px;\"><a href=\"https:\/\/www.lauftria-hsvmelk.at\/wp-content\/uploads\/2016\/02\/CC16Melk.pdf\" target=\"_blank\" rel=\"noopener noreferrer\">Melk<\/a><\/td>\n<td style=\"text-align: center; height: 21px; width: 75px;\"><a href=\"https:\/\/www.lauftria-hsvmelk.at\/wp-content\/uploads\/2016\/02\/CC16Gesamt.pdf\" target=\"_blank\" rel=\"noopener noreferrer\">Gesamt<\/a><\/td>\n<\/tr>\n<tr style=\"height: 21px;\">\n<th style=\"text-align: center; height: 21px; width: 48px;\">2015<\/th>\n<td style=\"text-align: center; height: 21px; width: 88px;\"><a href=\"http:\/\/lauftria-hsvmelk.at\/wp-content\/uploads\/2015\/01\/CC15Krems.pdf\" target=\"_blank\" rel=\"noopener noreferrer\">Krems<\/a><\/td>\n<td style=\"text-align: center; height: 21px; width: 85px;\"><a href=\"https:\/\/www.lauftria-hsvmelk.at\/wp-content\/uploads\/2016\/01\/CC15StPoelten.pdf\" target=\"_blank\" rel=\"noopener noreferrer\">St. P\u00f6lten<\/a><\/td>\n<td style=\"text-align: center; height: 21px; width: 89px;\">\u00a0<a href=\"http:\/\/lauftria-hsvmelk.at\/wp-content\/uploads\/2015\/02\/CC15Melk.pdf\" target=\"_blank\" rel=\"noopener noreferrer\">Melk<\/a><\/td>\n<td style=\"text-align: center; height: 21px; width: 76px;\"><\/td>\n<td style=\"text-align: center; height: 21px; width: 75px;\"><a href=\"http:\/\/lauftria-hsvmelk.at\/wp-content\/uploads\/2015\/02\/CC15Gesamt.pdf\" target=\"_blank\" rel=\"noopener noreferrer\">Gesamt<\/a><\/td>\n<\/tr>\n<tr style=\"height: 21px;\">\n<th style=\"text-align: center; height: 21px; width: 48px;\">2014<\/th>\n<td style=\"text-align: center; height: 21px; width: 88px;\"><a href=\"http:\/\/lauftria-hsvmelk.at\/wp-content\/uploads\/2014\/12\/CC14StPoelten.pdf\" target=\"_blank\" rel=\"noopener noreferrer\">St. P\u00f6lten<\/a><\/td>\n<td style=\"text-align: center; height: 21px; width: 85px;\"><a href=\"http:\/\/lauftria-hsvmelk.at\/wp-content\/uploads\/2014\/12\/CC14Melk.pdf\" target=\"_blank\" rel=\"noopener noreferrer\">Melk<\/a><\/td>\n<td style=\"text-align: center; height: 21px; width: 89px;\"><\/td>\n<td style=\"text-align: center; height: 21px; width: 76px;\"><\/td>\n<td style=\"text-align: center; height: 21px; width: 75px;\"><a href=\"http:\/\/lauftria-hsvmelk.at\/wp-content\/uploads\/2014\/12\/CC14Gesamt.pdf\" target=\"_blank\" rel=\"noopener noreferrer\">Gesamt<\/a><\/td>\n<\/tr>\n<tr style=\"height: 21px;\">\n<th style=\"text-align: center; height: 21px; width: 48px;\">2013<\/th>\n<td style=\"text-align: center; height: 21px; width: 88px;\"><a href=\"http:\/\/lauftria-hsvmelk.at\/wp-content\/uploads\/2014\/12\/CC13Traismauer.pdf\" target=\"_blank\" rel=\"noopener noreferrer\">Traismauer<\/a><\/td>\n<td style=\"text-align: center; height: 21px; width: 85px;\"><a href=\"http:\/\/lauftria-hsvmelk.at\/wp-content\/uploads\/2014\/12\/CC13Melk.pdf\" target=\"_blank\" rel=\"noopener noreferrer\">Melk<\/a><\/td>\n<td style=\"text-align: center; height: 21px; width: 89px;\"><a href=\"http:\/\/lauftria-hsvmelk.at\/wp-content\/uploads\/2014\/12\/CC13Krems.pdf\" target=\"_blank\" rel=\"noopener noreferrer\">Krems<\/a><\/td>\n<td style=\"text-align: center; height: 21px; width: 76px;\"><a href=\"http:\/\/lauftria-hsvmelk.at\/wp-content\/uploads\/2014\/12\/CC13StPoelten.pdf\" target=\"_blank\" rel=\"noopener noreferrer\">St. P\u00f6lten<\/a><\/td>\n<td style=\"text-align: center; height: 21px; width: 75px;\"><a href=\"http:\/\/lauftria-hsvmelk.at\/wp-content\/uploads\/2014\/12\/CC13Gesamt.pdf\" target=\"_blank\" rel=\"noopener noreferrer\">Gesamt<\/a><\/td>\n<\/tr>\n<tr style=\"height: 21px;\">\n<th style=\"text-align: center; height: 21px; width: 48px;\">2012<\/th>\n<td style=\"text-align: center; height: 21px; width: 88px;\"><a href=\"http:\/\/lauftria-hsvmelk.at\/wp-content\/uploads\/2014\/12\/CC12Traismauer.pdf\" target=\"_blank\" rel=\"noopener noreferrer\">Traismauer<\/a><\/td>\n<td style=\"text-align: center; height: 21px; width: 85px;\"><a href=\"http:\/\/lauftria-hsvmelk.at\/wp-content\/uploads\/2014\/12\/CC12Melk.pdf\" target=\"_blank\" rel=\"noopener noreferrer\">Melk<\/a><\/td>\n<td style=\"text-align: center; height: 21px; width: 89px;\"><a href=\"http:\/\/lauftria-hsvmelk.at\/wp-content\/uploads\/2014\/12\/CC12Krems.pdf\" target=\"_blank\" rel=\"noopener noreferrer\">Krems<\/a><\/td>\n<td style=\"text-align: center; height: 21px; width: 76px;\"><a href=\"http:\/\/lauftria-hsvmelk.at\/wp-content\/uploads\/2014\/12\/CC12StPoelten.pdf\" target=\"_blank\" rel=\"noopener noreferrer\">St. P\u00f6lten<\/a><\/td>\n<td style=\"text-align: center; height: 21px; width: 75px;\"><a href=\"http:\/\/lauftria-hsvmelk.at\/wp-content\/uploads\/2014\/12\/CC12Gesamt.pdf\" target=\"_blank\" rel=\"noopener noreferrer\">Gesamt<\/a><\/td>\n<\/tr>\n<tr style=\"height: 21px;\">\n<th style=\"text-align: center; height: 21px; width: 48px;\">2011<\/th>\n<td style=\"text-align: center; height: 21px; width: 88px;\"><a href=\"http:\/\/lauftria-hsvmelk.at\/wp-content\/uploads\/2014\/12\/CC11Traismauer.pdf\" target=\"_blank\" rel=\"noopener noreferrer\">Traismauer<\/a><\/td>\n<td style=\"text-align: center; height: 21px; width: 85px;\"><a href=\"http:\/\/lauftria-hsvmelk.at\/wp-content\/uploads\/2014\/12\/CC11Melk.pdf\" target=\"_blank\" rel=\"noopener noreferrer\">Melk<\/a><\/td>\n<td style=\"text-align: center; height: 21px; width: 89px;\"><a href=\"http:\/\/lauftria-hsvmelk.at\/wp-content\/uploads\/2014\/12\/CC11Krems.pdf\" target=\"_blank\" rel=\"noopener noreferrer\">Krems<\/a><\/td>\n<td style=\"text-align: center; height: 21px; width: 76px;\"><a href=\"http:\/\/lauftria-hsvmelk.at\/wp-content\/uploads\/2014\/12\/CC11StPoelten.pdf\" target=\"_blank\" rel=\"noopener noreferrer\">St. P\u00f6lten<\/a><\/td>\n<td style=\"text-align: center; height: 21px; width: 75px;\"><a href=\"http:\/\/lauftria-hsvmelk.at\/wp-content\/uploads\/2014\/12\/CC11Gesamt.pdf\" target=\"_blank\" rel=\"noopener noreferrer\">Gesamt<\/a><\/td>\n<\/tr>\n<tr style=\"height: 21px;\">\n<th style=\"text-align: center; height: 21px; width: 48px;\">2010<\/th>\n<td style=\"text-align: center; height: 21px; width: 88px;\"><a href=\"http:\/\/lauftria-hsvmelk.at\/wp-content\/uploads\/2014\/12\/CC10Traismauer.pdf\" target=\"_blank\" rel=\"noopener noreferrer\">Traismauer<\/a><\/td>\n<td style=\"text-align: center; height: 21px; width: 85px;\"><a href=\"http:\/\/lauftria-hsvmelk.at\/wp-content\/uploads\/2014\/12\/CC10Melk.pdf\" target=\"_blank\" rel=\"noopener noreferrer\">Melk<\/a><\/td>\n<td style=\"text-align: center; height: 21px; width: 89px;\"><a href=\"http:\/\/lauftria-hsvmelk.at\/wp-content\/uploads\/2014\/12\/CC10Krems.pdf\" target=\"_blank\" rel=\"noopener noreferrer\">Krems<\/a><\/td>\n<td style=\"text-align: center; height: 21px; width: 76px;\"><a href=\"http:\/\/lauftria-hsvmelk.at\/wp-content\/uploads\/2014\/12\/CC10StPoelten.pdf\" target=\"_blank\" rel=\"noopener noreferrer\">St. P\u00f6lten<\/a><\/td>\n<td style=\"text-align: center; height: 21px; width: 75px;\"><a href=\"http:\/\/lauftria-hsvmelk.at\/wp-content\/uploads\/2014\/12\/CC10Gesamt.pdf\" target=\"_blank\" rel=\"noopener noreferrer\">Gesamt<\/a><\/td>\n<\/tr>\n<tr style=\"height: 21px;\">\n<th style=\"text-align: center; height: 21px; width: 48px;\">2009<\/th>\n<td style=\"text-align: center; height: 21px; width: 88px;\"><a href=\"http:\/\/lauftria-hsvmelk.at\/wp-content\/uploads\/2014\/12\/CC09Traismauer.pdf\" target=\"_blank\" rel=\"noopener noreferrer\">Traismauer<\/a><\/td>\n<td style=\"text-align: center; height: 21px; width: 85px;\"><a href=\"http:\/\/lauftria-hsvmelk.at\/wp-content\/uploads\/2014\/12\/CC09Melk.pdf\" target=\"_blank\" rel=\"noopener noreferrer\">Melk<\/a><\/td>\n<td style=\"text-align: center; height: 21px; width: 89px;\"><a href=\"http:\/\/lauftria-hsvmelk.at\/wp-content\/uploads\/2014\/12\/CC09Krems.pdf\" target=\"_blank\" rel=\"noopener noreferrer\">Krems<\/a><\/td>\n<td style=\"text-align: center; height: 21px; width: 76px;\"><a href=\"http:\/\/lauftria-hsvmelk.at\/wp-content\/uploads\/2014\/12\/CC09StPoelten.pdf\" target=\"_blank\" rel=\"noopener noreferrer\">St. P\u00f6lten<\/a><\/td>\n<td style=\"text-align: center; height: 21px; width: 75px;\"><a href=\"http:\/\/lauftria-hsvmelk.at\/wp-content\/uploads\/2014\/12\/CC09Gesamt.pdf\" target=\"_blank\" rel=\"noopener noreferrer\">Gesamt<\/a><\/td>\n<\/tr>\n<tr style=\"height: 21px;\">\n<th style=\"text-align: center; height: 21px; width: 48px;\">2008<\/th>\n<td style=\"text-align: center; height: 21px; width: 88px;\"><a href=\"http:\/\/lauftria-hsvmelk.at\/wp-content\/uploads\/2014\/12\/CC08Traismauer.pdf\" target=\"_blank\" rel=\"noopener noreferrer\">Traismauer<\/a><\/td>\n<td style=\"text-align: center; height: 21px; width: 85px;\"><a href=\"http:\/\/lauftria-hsvmelk.at\/wp-content\/uploads\/2014\/12\/CC08Melk.pdf\" target=\"_blank\" rel=\"noopener noreferrer\">Melk<\/a><\/td>\n<td style=\"text-align: center; height: 21px; width: 89px;\"><a href=\"http:\/\/lauftria-hsvmelk.at\/wp-content\/uploads\/2014\/12\/CC08Krems.pdf\" target=\"_blank\" rel=\"noopener noreferrer\">Krems<\/a><\/td>\n<td style=\"text-align: center; height: 21px; width: 76px;\"><a href=\"http:\/\/lauftria-hsvmelk.at\/wp-content\/uploads\/2014\/12\/CC08StPoelten.pdf\" target=\"_blank\" rel=\"noopener noreferrer\">St. P\u00f6lten<\/a><\/td>\n<td style=\"text-align: center; height: 21px; width: 75px;\"><a href=\"http:\/\/lauftria-hsvmelk.at\/wp-content\/uploads\/2014\/12\/CC08Gesamt.pdf\" target=\"_blank\" rel=\"noopener noreferrer\">Gesamt<\/a><\/td>\n<\/tr>\n<tr style=\"height: 21px;\">\n<th style=\"text-align: center; height: 21px; width: 48px;\">2007<\/th>\n<td style=\"text-align: center; height: 21px; width: 88px;\"><a href=\"http:\/\/lauftria-hsvmelk.at\/wp-content\/uploads\/2014\/12\/CC07Traismauer.pdf\" target=\"_blank\" rel=\"noopener noreferrer\">Traismauer<\/a><\/td>\n<td style=\"text-align: center; height: 21px; width: 85px;\"><a href=\"http:\/\/lauftria-hsvmelk.at\/wp-content\/uploads\/2014\/12\/CC07Melk.pdf\" target=\"_blank\" rel=\"noopener noreferrer\">Melk<\/a><\/td>\n<td style=\"text-align: center; height: 21px; width: 89px;\"><a href=\"http:\/\/lauftria-hsvmelk.at\/wp-content\/uploads\/2014\/12\/CC07Krems.pdf\" target=\"_blank\" rel=\"noopener noreferrer\">Krems<\/a><\/td>\n<td style=\"text-align: center; height: 21px; width: 76px;\"><a href=\"http:\/\/lauftria-hsvmelk.at\/wp-content\/uploads\/2014\/12\/CC07StPoelten.pdf\" target=\"_blank\" rel=\"noopener noreferrer\">St. P\u00f6lten<\/a><\/td>\n<td style=\"text-align: center; height: 21px; width: 75px;\"><a href=\"http:\/\/lauftria-hsvmelk.at\/wp-content\/uploads\/2014\/12\/CC07Gesamt.pdf\" target=\"_blank\" rel=\"noopener noreferrer\">Gesamt<\/a><\/td>\n<\/tr>\n<tr style=\"height: 21px;\">\n<th style=\"text-align: center; height: 21px; width: 48px;\">2006<\/th>\n<td style=\"text-align: center; height: 21px; width: 88px;\"><a href=\"http:\/\/lauftria-hsvmelk.at\/wp-content\/uploads\/2014\/12\/CC06Traismauer.pdf\" target=\"_blank\" rel=\"noopener noreferrer\">Traismauer<\/a><\/td>\n<td style=\"text-align: center; height: 21px; width: 85px;\"><a href=\"http:\/\/lauftria-hsvmelk.at\/wp-content\/uploads\/2014\/12\/CC06Melk.pdf\" target=\"_blank\" rel=\"noopener noreferrer\">Melk<\/a><\/td>\n<td style=\"text-align: center; height: 21px; width: 89px;\"><a href=\"http:\/\/lauftria-hsvmelk.at\/wp-content\/uploads\/2014\/12\/CC06Krems.pdf\" target=\"_blank\" rel=\"noopener noreferrer\">Krems<\/a><\/td>\n<td style=\"text-align: center; height: 21px; width: 76px;\"><a href=\"http:\/\/lauftria-hsvmelk.at\/wp-content\/uploads\/2014\/12\/CC06StPoelten.pdf\" target=\"_blank\" rel=\"noopener noreferrer\">St. P\u00f6lten<\/a><\/td>\n<td style=\"text-align: center; height: 21px; width: 75px;\"><a href=\"http:\/\/lauftria-hsvmelk.at\/wp-content\/uploads\/2014\/12\/CC06Gesamt.pdf\" target=\"_blank\" rel=\"noopener noreferrer\">Gesamt<\/a><\/td>\n<\/tr>\n<tr style=\"height: 21px;\">\n<th style=\"text-align: center; height: 21px; width: 48px;\">2005<\/th>\n<td style=\"text-align: center; height: 21px; width: 88px;\"><a href=\"http:\/\/lauftria-hsvmelk.at\/wp-content\/uploads\/2014\/12\/CC05Traismauer.pdf\" target=\"_blank\" rel=\"noopener noreferrer\">Traismauer<\/a><\/td>\n<td style=\"text-align: center; height: 21px; width: 85px;\"><a href=\"http:\/\/lauftria-hsvmelk.at\/wp-content\/uploads\/2014\/12\/CC05Melk.pdf\" target=\"_blank\" rel=\"noopener noreferrer\">Melk<\/a><\/td>\n<td style=\"text-align: center; height: 21px; width: 89px;\"><a href=\"http:\/\/lauftria-hsvmelk.at\/wp-content\/uploads\/2014\/12\/CC05Krems.pdf\" target=\"_blank\" rel=\"noopener noreferrer\">Krems<\/a><\/td>\n<td style=\"text-align: center; height: 21px; width: 76px;\"><a href=\"http:\/\/lauftria-hsvmelk.at\/wp-content\/uploads\/2014\/12\/CC05StPoelten.pdf\" target=\"_blank\" rel=\"noopener noreferrer\">St. P\u00f6lten<\/a><\/td>\n<td style=\"text-align: center; height: 21px; width: 75px;\"><a href=\"http:\/\/lauftria-hsvmelk.at\/wp-content\/uploads\/2014\/12\/CC05Gesamt.pdf\" target=\"_blank\" rel=\"noopener noreferrer\">Gesamt<\/a><\/td>\n<\/tr>\n<tr style=\"height: 21px;\">\n<th style=\"text-align: center; height: 21px; width: 48px;\">2004<\/th>\n<td style=\"text-align: center; height: 21px; width: 88px;\"><a href=\"http:\/\/lauftria-hsvmelk.at\/wp-content\/uploads\/2014\/12\/CC04Traismauer.pdf\" target=\"_blank\" rel=\"noopener noreferrer\">Traismauer<\/a><\/td>\n<td style=\"text-align: center; height: 21px; width: 85px;\"><a href=\"http:\/\/lauftria-hsvmelk.at\/wp-content\/uploads\/2014\/12\/CC04Melk.pdf\" target=\"_blank\" rel=\"noopener noreferrer\">Melk<\/a><\/td>\n<td style=\"text-align: center; height: 21px; width: 89px;\"><a href=\"http:\/\/lauftria-hsvmelk.at\/wp-content\/uploads\/2014\/12\/CC04StPoelten.pdf\" target=\"_blank\" rel=\"noopener noreferrer\">St. P\u00f6lten<\/a><\/td>\n<td style=\"text-align: center; height: 21px; width: 76px;\"><a href=\"http:\/\/lauftria-hsvmelk.at\/wp-content\/uploads\/2014\/12\/CC04Krems.pdf\" target=\"_blank\" rel=\"noopener noreferrer\">Krems<\/a><\/td>\n<td style=\"text-align: center; height: 21px; width: 75px;\"><a href=\"http:\/\/lauftria-hsvmelk.at\/wp-content\/uploads\/2014\/12\/CC04Gesamt.pdf\" target=\"_blank\" rel=\"noopener noreferrer\">Gesamt<\/a><\/td>\n<\/tr>\n<tr style=\"height: 21px;\">\n<th style=\"text-align: center; height: 21px; width: 48px;\">2003<\/th>\n<td style=\"text-align: center; height: 21px; width: 88px;\"><a href=\"http:\/\/lauftria-hsvmelk.at\/wp-content\/uploads\/2014\/12\/CC03StPoelten.pdf\" target=\"_blank\" rel=\"noopener noreferrer\">St. P\u00f6lten<\/a><\/td>\n<td style=\"text-align: center; height: 21px; width: 85px;\"><a href=\"http:\/\/lauftria-hsvmelk.at\/wp-content\/uploads\/2014\/12\/CC03Melk.pdf\" target=\"_blank\" rel=\"noopener noreferrer\">Melk<\/a><\/td>\n<td style=\"text-align: center; height: 21px; width: 89px;\"><a href=\"http:\/\/lauftria-hsvmelk.at\/wp-content\/uploads\/2014\/12\/CC03Traismauer.pdf\" target=\"_blank\" rel=\"noopener noreferrer\">Traismauer<\/a><\/td>\n<td style=\"text-align: center; height: 21px; width: 76px;\"><a href=\"http:\/\/lauftria-hsvmelk.at\/wp-content\/uploads\/2014\/12\/CC03Krems.pdf\" target=\"_blank\" rel=\"noopener noreferrer\">Krems<\/a><\/td>\n<td style=\"text-align: center; height: 21px; width: 75px;\"><a href=\"http:\/\/lauftria-hsvmelk.at\/wp-content\/uploads\/2014\/12\/CC03Gesamt.pdf\" target=\"_blank\" rel=\"noopener noreferrer\">Gesamt<\/a><\/td>\n<\/tr>\n<tr style=\"height: 21px;\">\n<th style=\"text-align: center; height: 21px; width: 48px;\">2002<\/th>\n<td style=\"text-align: center; height: 21px; width: 88px;\"><a href=\"http:\/\/lauftria-hsvmelk.at\/wp-content\/uploads\/2014\/12\/CC02StPoelten.pdf\" target=\"_blank\" rel=\"noopener noreferrer\">St. P\u00f6lten<\/a><\/td>\n<td style=\"text-align: center; height: 21px; width: 85px;\"><a href=\"http:\/\/lauftria-hsvmelk.at\/wp-content\/uploads\/2014\/12\/CC02Melk.pdf\" target=\"_blank\" rel=\"noopener noreferrer\">Melk<\/a><\/td>\n<td style=\"text-align: center; height: 21px; width: 89px;\"><a href=\"http:\/\/lauftria-hsvmelk.at\/wp-content\/uploads\/2014\/12\/CC02Traismauer.pdf\" target=\"_blank\" rel=\"noopener noreferrer\">Traismauer<\/a><\/td>\n<td style=\"text-align: center; height: 21px; width: 76px;\"><a href=\"http:\/\/lauftria-hsvmelk.at\/wp-content\/uploads\/2014\/12\/CC02Krems.pdf\" target=\"_blank\" rel=\"noopener noreferrer\">Krems<\/a><\/td>\n<td style=\"text-align: center; height: 21px; width: 75px;\"><a href=\"http:\/\/lauftria-hsvmelk.at\/wp-content\/uploads\/2014\/12\/CC02Gesamt.pdf\" target=\"_blank\" rel=\"noopener noreferrer\">Gesamt<\/a><\/td>\n<\/tr>\n<tr style=\"height: 21px;\">\n<th style=\"text-align: center; height: 21px; width: 48px;\">2001<\/th>\n<td style=\"text-align: center; height: 21px; width: 88px;\"><a href=\"http:\/\/lauftria-hsvmelk.at\/wp-content\/uploads\/2014\/12\/CC01StPoelten.pdf\" target=\"_blank\" rel=\"noopener noreferrer\">St. P\u00f6lten<\/a><\/td>\n<td style=\"text-align: center; height: 21px; width: 85px;\"><a href=\"http:\/\/lauftria-hsvmelk.at\/wp-content\/uploads\/2014\/12\/CC01Melk.pdf\" target=\"_blank\" rel=\"noopener noreferrer\">Melk<\/a><\/td>\n<td style=\"text-align: center; height: 21px; width: 89px;\"><a href=\"http:\/\/lauftria-hsvmelk.at\/wp-content\/uploads\/2014\/12\/CC01Traismauer.pdf\" target=\"_blank\" rel=\"noopener noreferrer\">Traismauer<\/a><\/td>\n<td style=\"text-align: center; height: 21px; width: 76px;\"><a href=\"http:\/\/lauftria-hsvmelk.at\/wp-content\/uploads\/2014\/12\/CC01Krems.pdf\" target=\"_blank\" rel=\"noopener noreferrer\">Krems<\/a><\/td>\n<td style=\"text-align: center; height: 21px; width: 75px;\"><a href=\"http:\/\/lauftria-hsvmelk.at\/wp-content\/uploads\/2014\/12\/CC01Gesamt.pdf\" target=\"_blank\" rel=\"noopener noreferrer\">Gesamt<\/a><\/td>\n<\/tr>\n<tr style=\"height: 21px;\">\n<th style=\"text-align: center; height: 21px; width: 48px;\">2000<\/th>\n<td style=\"text-align: center; height: 21px; width: 88px;\"><\/td>\n<td style=\"text-align: center; height: 21px; width: 85px;\"><\/td>\n<td style=\"text-align: center; height: 21px; width: 89px;\"><\/td>\n<td style=\"text-align: center; height: 21px; width: 76px;\"><\/td>\n<td style=\"text-align: center; height: 21px; width: 75px;\"><a href=\"http:\/\/lauftria-hsvmelk.at\/wp-content\/uploads\/2014\/12\/CC00Gesamt.pdf\" target=\"_blank\" rel=\"noopener noreferrer\">Gesamt<\/a><\/td>\n<\/tr>\n<tr style=\"height: 21px;\">\n<th style=\"text-align: center; height: 21px; width: 48px;\">1999<\/th>\n<td style=\"text-align: center; height: 21px; width: 88px;\"><\/td>\n<td style=\"text-align: center; height: 21px; width: 85px;\"><\/td>\n<td style=\"text-align: center; height: 21px; width: 89px;\"><\/td>\n<td style=\"text-align: center; height: 21px; width: 76px;\"><\/td>\n<td style=\"text-align: center; height: 21px; width: 75px;\"><a href=\"http:\/\/lauftria-hsvmelk.at\/wp-content\/uploads\/2014\/12\/CC99Gesamt.pdf\" target=\"_blank\" rel=\"noopener noreferrer\">Gesamt<\/a><\/td>\n<\/tr>\n<\/tbody>\n<\/table>\n","protected":false},"excerpt":{"rendered":"<p>Jahr Lauf 1 Lauf 2 Lauf 3 Lauf 4 Gesamt 2020 Krems Amstetten St. P\u00f6lten Melk Gesamt 2019 Krems Amstetten St. P\u00f6lten Melk Gesamt 2018 Krems St.P\u00f6lten Amstetten Melk Gesamt 2017 Krems Amstetten St. P\u00f6lten Melk\u00a0 Gesamt 2016 Amstetten Krems St. P\u00f6lten Melk Gesamt 2015 Krems St. P\u00f6lten \u00a0Melk Gesamt 2014 St. P\u00f6lten Melk Gesamt [&hellip;]<\/p>\n","protected":false},"author":3,"featured_media":0,"parent":0,"menu_order":0,"comment_status":"closed","ping_status":"closed","template":"","meta":{"footnotes":""},"class_list":["post-2821","page","type-page","status-publish","hentry"],"_links":{"self":[{"href":"https:\/\/www.lauftria-hsvmelk.at\/index.php?rest_route=\/wp\/v2\/pages\/2821","targetHints":{"allow":["GET"]}}],"collection":[{"href":"https:\/\/www.lauftria-hsvmelk.at\/index.php?rest_route=\/wp\/v2\/pages"}],"about":[{"href":"https:\/\/www.lauftria-hsvmelk.at\/index.php?rest_route=\/wp\/v2\/types\/page"}],"author":[{"embeddable":true,"href":"https:\/\/www.lauftria-hsvmelk.at\/index.php?rest_route=\/wp\/v2\/users\/3"}],"replies":[{"embeddable":true,"href":"https:\/\/www.lauftria-hsvmelk.at\/index.php?rest_route=%2Fwp%2Fv2%2Fcomments&post=2821"}],"version-history":[{"count":0,"href":"https:\/\/www.lauftria-hsvmelk.at\/index.php?rest_route=\/wp\/v2\/pages\/2821\/revisions"}],"wp:attachment":[{"href":"https:\/\/www.lauftria-hsvmelk.at\/index.php?rest_route=%2Fwp%2Fv2%2Fmedia&parent=2821"}],"curies":[{"name":"wp","href":"https:\/\/api.w.org\/{rel}","templated":true}]}}